 + 211*p**3/6 + 8*p**2. Let o(j) be the first derivative of t(j). Give o(7).
-1
Let p(u) = -u**3 - 5*u**2 - 7*u + 8. Let o = 8779 - 8783. Calculate p(o).
20
Let g(w) be the second derivative of 4*w**2 - 4*w + 1/120*w**6 + 0 - 1/12*w**4 - 1/30*w**5 + 0*w**3. Let i(p) be the first derivative of g(p). What is i(3)?
3
Let v = -103 + 100. Let i be (v + 0)*(-8)/6. Let b(x) = -43 - 38 - i*x + 2*x + 90. Calculate b(6).
-3
Let c(p) = -10*p - 83. Let w be c(-15). Let h = w + -56. Let r(f) = -f**2 + 13*f - 16. What is r(h)?
6
Let k(g) be the second derivative of g**5/20 - g**4/6 + 4*g**3/3 - 12*g**2 - 13100*g. Calculate k(3).
9
Let o(s) = 13*s**2 - 2*s + 128. Let u(q) = 28*q**2 - 8*q + 259. Let z(r) = -13*o(r) + 6*u(r). What is z(-15)?
-5
Let x(q) = -6*q - 97. Let h(p) = 3*p + 52. Let i(c) = 5*h(c) + 2*x(c). What is i(-28)?
-18
Let d(j) = 219*j - 2. Let u(n) = -54*n - 2. Let b(g) = d(g) + 4*u(g). Suppose -2*t = -14 - 10. What is b(t)?
26
Let w(o) be the third derivative of o**5/40 + 7*o**4/24 + 15*o**3/2 + 22*o**2. Let j(z) be the first derivative of w(z). Give j(-6).
-11
Let l(u) be the first derivative of -u**6/120 - u**5/12 + u**4/6 + 5*u**3/2 + 63*u**2 - 16. Let q(f) be the second derivative of l(f). Determine q(-5).
-5
Let k be 1 + 2 - (0 + -2). Let t be (k - 6)/(3/(-21)). Let i(a) = a - 9 + t*a - 7*a. Calculate i(7).
-2
Let s be (12/(-4) + 4)/(4/8). Let r(q) = -42 + 2*q**s + q**3 + 80 - 39. Calculate r(-2).
-1
Let y(u) = -3*u**2 + 39*u + 8. Suppose -v = 6 - 8 - 11. Determine y(v).
8
Let n(c) = -6*c**2 + 2*c - 5*c**2 - 3 - 3*c**2 + 15*c**2 + 8. What is n(-4)?
13
Let m be (738/9)/((-1)/4). Let q = 335 + m. Let i(h) = 2*h - 12. Calculate i(q).
2
Let i(m) = m**2 - 12*m - 37. Let y(x) = -x**3 + 11*x**2 + 158*x - 99. Let b be y(19). Determine i(b).
8
Let h(r) = -13*r**3 - r**2 + 3*r - 3. Let o(j) = -1436*j + 4309. Let p be o(3). Determine h(p).
-14
Let m(u) = 2*u**3 + 2*u**2 - 4*u - 14. Let q(g) = 3*g**3 + 3*g**2 - 6*g - 22. Let d(f) = -8*m(f) + 5*q(f). What is d(0)?
2
Let p(l) = l**3 - 2*l**2 - 71*l + 280. Let f be p(6). Let s(w) = 4*w + 10 + w**2 + w + 0*w. Let v be s(f). Let k(z) = -z**2 + 7*z - 8. Determine k(v).
4
Let z(u) = 8*u + 1. Let l(v) = 17*v + 2. Let j(f) = -4*l(f) + 7*z(f). Let d be (4*5/(-160))/(1/16*2). Determine j(d).
11
Let j(h) = -h + 2. Let v = -33 - -6. Let q be ((-18)/v)/((-3)/(-9)). Let g = -8 + q. Give j(g).
8
Let q(m) = -9*m - 2. Let n(h) = -11*h - 39 + 79 - 42. Let x(o) = -6*n(o) + 7*q(o). Determine x(3).
7
Let g(c) = -2*c**2 + 2*c - 2. Suppose 1810 = 10*j - 560. Let i = j - 235. What is g(i)?
-6
Let k(g) = -8*g**2 - 246*g + 55. Let p(s) = -4*s**2 - 126*s + 37. Let o(x) = 2*k(x) - 5*p(x). What is o(-35)?
-5
Let z be 5 + (10/(-25))/((-3)/(-15)). Let u(x) = z*x - 2*x - 11 + 10. Give u(4).
3
Let d(j) = -8 + 7*j + 3*j + 11*j - 2*j**2 + 22*j - 67*j. Give d(-12).
-8
Let l(c) = -5*c. Suppose -21*y - 2956 - 446 = 0. Let k = -167 - y. What is l(k)?
25
Let j = -46 + 48. Suppose -3*t = t - j*s - 14, -19 = -4*t - 3*s. Let a(u) = -2*u**2 + 7*u - 4. Determine a(t).
-8
Let g(s) = -s**2 - 7*s - 3. Let m be g(-5). Let w(p) = -57*p + p**3 + 10 + 52*p - 6*p**2 - 2. Determine w(m).
22
Suppose 4*i - 9*i - 5*k = -40, k + 22 = 5*i. Let q(l) be the third derivative of 1/8*l**4 + 1/30*l**i - 2/3*l**3 + 0*l - 1/120*l**6 + 0 + 17*l**2. What is q(3)?
-4
Let d(w) = -7*w + 52. Suppose -11*k + 477 = 103*k - 207. Give d(k).
10
Let q(g) = -g - 16. Let d(r) = -16*r**2 + 101*r + 102. Let b be d(-1). Determine q(b).
-1
Let d(r) = r**3 - 3*r**2 - 4*r + 16. Let m be d(3). Let j(q) = -958*q - 2*q**2 + m + 12*q**2 + 957*q - q**3. Give j(10).
-6
Let c(x) be the second derivative of -x**3/3 + x**2 - 12*x + 11. Give c(22).
-42
Let o be (0 + 14)*(-1)/(-2). Let l(d) = 435749*d**2 + 9*d - 871480*d**2 - 6 + 435730*d**2. What is l(o)?
8
Let d(u) = u - 2. Let b be 1*(1 + (0 - -1)). Let q(l) = 2*l - 4. Let o be (3 - (2 - 0)) + -2 + -2. Let a(z) = b*q(z) + o*d(z). Calculate a(-7).
-9
Let l(t) be the third derivative of -t**8/6720 + t**6/720 + t**5/15 - 89*t**4/24 - 2*t**2 + 5*t. Let d(b) be the second derivative of l(b). Calculate d(0).
8
Suppose 0 = 14*o - 2*o. Suppose o*v + 6 = 2*v. Let n(u) = u**2 + u + 1. What is n(v)?
13
Suppose 19*s + 76 = 342. Let t(w) = -2*w**2 + 6*w + w**2 + 1 - s*w + 8*w. Give t(4).
-15
Let j(l) = -3*l**3 - 16*l**2 + 12*l - 2. Let d(u) be the first derivative of 7*u**4/4 + 11*u**3 - 12*u**2 + 3*u + 5. Let m(t) = 4*d(t) + 9*j(t). What is m(11)?
5
Suppose -19*x + 3455 = 3645. Let z(c) = -c**3 - 12*c**2 - 13*c + 8. Give z(x).
-62
Let u be 18/99 - (34/(-153) - (-2890)/(-198)). Let p(g) = -2*g - 17. What is p(u)?
-47
Let d = -28 - -67. Let k = d - 35. Let i(p) = p**3 - 3*p**2 - 4*p + 2. Calculate i(k).
2
Let c(n) be the second derivative of n**3/3 + n**2 + 112*n + 4. Calculate c(3).
8
Let l = 1897 - 1911. Let r(k) = -5*k + 8. Calculate r(l).
78
Let c = -48 + 57. Suppose c*w - 434 = 61. Let a = w - 56. Let p(k) = -4*k - 1. Calculate p(a).
3
Let x(k) be the third derivative of -k**6/120 - k**5/10 - k**4/3 - 7*k**3/6 - 2592*k**2. Determine x(-7).
98
Let u(h) = 3*h**2 + 7*h + 12. Let y(f) = -7*f**2 - 14*f - 25. Let m(c) = 9*u(c) + 4*y(c). Suppose 590*r + 233*r = 4938. What is m(r)?
14
Let h(q) = -2*q**3 + 14*q**2 + q + 11. Let z(j) = -j**3 + 7*j**2 + j + 6. Let b(k) = -4*h(k) + 9*z(k). Calculate b(9).
-107
Let t be (-16)/((6 + -7)*1). Suppose -3*x + 4*m - t = 5*m, 0 = x - 3*m + 2. Let p(q) = -2*q**2 - 8*q - 6. What is p(x)?
-16
Let s(k) = -k**2 - k - 2. Let r(v) = 4*v**2 + 6*v + 10. Suppose -2*y + 1 + 1 = 0. Let q(h) = y*r(h) + 3*s(h). Determine q(-3).
4
Let h(x) = -x**3 - 20*x**2 - 60*x**2 + 71*x**2 - 12*x + 3. What is h(-9)?
111
Suppose 0 = -4*i - 3*f + 37, -5 = 3*f + 10. Suppose 5*x = i + 27. Let a be (21/12*-2)/((-4)/x). Let d(v) = -v + 7. Calculate d(a).
0
Let s(n) = 144*n - 2. Let i(b) = -27*b. Let a(w) = -5*i(w) - s(w). Give a(-2).
20
Let j(b) = -2*b**3 - 21*b**2 - 14*b - 5. Let m be j(-10). Suppose 0 = -39*a + m*a. Let g(z) = -z**2 + 3 + 1 - 2. Give g(a).
2
Let g(l) = -l**3 + 5675*l**2 - 11356*l**2 + 1 - 52*l + 5665*l**2 + 4. Give g(-11).
-28
Let x(k) = k**2 - 13*k + 15. Let f(i) = i**3 + 6*i**2 - 19*i - 12. Let w be f(-8). What is x(w)?
3
Let h(k) = -8 + 0*k**3 + 9*k**3 - 8*k**3 + 6*k**2. Let q(x) = -x**2 + 10. Let u be q(-4). Give h(u).
-8
Suppose 3*w + 3*q = -12, -1147 + 1121 = -4*w + 2*q. Let o be 6 + (0 - (-2 + 1)). Let r(z) = -1 - o*z - z + w*z - z. Determine r(-3).
17
Let p(i) = -2*i + 41. Let k(v) = -8*v + 47. Let o(x) = 3*k(x) - 4*p(x). Determine o(-1).
-7
Let y(o) = o**3 + 2*o**2 + 2*o - 2. Let u be y(-2). Let v(l) = 6*l. Let k(a) = -15*a + 4. Let p(h) = 5*k(h) + 13*v(h). Determine p(u).
2
Let t(r) = 6*r. Let y be (-13 + 55)/((-6)/(-4) + 9/(-4)). Let d(v) = 2*v**2 - v. Let b be d(-5). Let u = y + b. Give t(u).
-6
Suppose 12 = -3*a, -3*c + 0*a - 2*a = -289. Suppose -17*t + 14*t = c. Let h = t - -40. Let j(i) = 2*i + 7. Determine j(h).
21
Let m be (-4)/16*(-115 - -95). Let z(u) = 4 - 5*u + 0 - 3 + u**2. What is z(m)?
1
Let q be (6413/(-22))/(-53)*(-8)/(-11). Let c(r) = -57*r + 229. Give c(q).
1
Let n(l) = -7*l - 52. Let j be n(-7). Let g(p) = -4 - 416*p + 9 - p**2 + 413*p. What is g(j)?
5
Let j(m) = 2*m**2 + 14*m - 31. Suppose -784 + 952 = -21*c. Give j(c).
-15
Suppose -8 = -5*x + 3*w + 34, x + 33 = -4*w. Let q(c) = 32*c**2 - 99*c + 6. Calculate q(x).
-3
Let i(p) = -13*p - p**2 + 0 + 4*p - p**2 - 1. Let w(y) = 249*y + 1240. Let h be w(-5). Calculate i(h).
-6
Let b(h) be the second derivative of -h**4/6 - h**3 - 2*h**2 - 12*h - 4. Determine b(-2).
0
Let a(v) be the second derivative of -v**5/20 - 7*v**4/6 - 13*v**3/2 - 167*v**2 + 8974*v. Determine a(-13).
4
Suppose 5*w - 5*s - 125 = 0, 0 = 4*s + 5 - 1. Let z = w + -23. Let g(i) = -1 + i + 1 + z - 3. Calculate g(3).
1
Let n(q) be the third derivative of -q**6/180 + q**5/40 + q**4/8 - 59*q**3/6 - 56*q**2 + q. Let w(j) be the first derivative of n(j). Calculate w(-2).
-11
Let m(i) = -30*i - 300. Suppose 2*u + 17 = d, -15*d + 16*d - 47 = 5*u. Give m(u).
0
Let i(d) = -903*d**3 + 21*d**2 + 904*d**3 - 486 + 508 + 40*d. Calculate i(-19).
-16
Let u(p) = p**2 - p - 1. Let x be (-6)/9*(-495)/22. Suppose 7 = 5*t + h - 10, 3*t + 3*h - x = 0. Suppose -2*d - 25 = -5*s, -s + 3*d + 27 = t*s. Calculate u(s).
